e
Is 576249289 a multiple of 7?
True
Is 40103688 a multiple of 977?
False
Does 824 divide 9775112?
True
Does 14 divide 156789710?
True
Does 959 divide 60919516?
True
Is 57 a factor of 645349811?
False
Does 453 divide 796202313?
True
Is 311 a factor of 36746794?
False
Is 16 a factor of 224070203?
False
Does 18 divide 43447263?
False
Is 6993340092 a multiple of 18?
True
Does 44 divide 1916787?
False
Does 20 divide 138782669?
False
Is 38809960 a multiple of 98?
True
Is 220 a factor of 6808217?
False
Does 262 divide 184849027?
False
Is 763662077 a multiple of 23?
True
Does 17 divide 22785303?
False
Is 55898024 a multiple of 2744?
True
Is 1058 a factor of 1109335439?
False
Is 5 a factor of 1607535?
True
Does 52 divide 29861260?
True
Does 1789 divide 119755013?
False
Is 25501755 a multiple of 46?
False
Does 946 divide 11963844?
False
Does 34 divide 1056241824?
True
Is 937 a factor of 6790363?
False
Is 10863 a factor of 1806473448?
True
Does 79 divide 521380996?
False
Is 38617152 a multiple of 77?
False
Is 14 a factor of 47728324?
True
Is 6387 a factor of 107036712?
False
Is 38 a factor of 527466980?
True
Is 3 a factor of 341674257?
True
Is 4472642 a multiple of 122?
True
Is 14591252 a multiple of 20?
False
Does 936 divide 273972816?
True
Is 11438795 a multiple of 68?
False
Is 22 a factor of 167410122?
True
Does 123 divide 2112350791?
False
Does 4093 divide 362095431?
True
Is 50816924 a multiple of 25?
False
Is 750 a factor of 133023000?
True
Does 13 divide 40767900?
False
Does 1168 divide 90382177?
False
Does 15 divide 18752745?
True
Is 8 a factor of 63709512?
True
Is 14595178 a multiple of 309?
False
Does 2059 divide 154910924?
True
Does 11 divide 1331420806?
False
Is 351204781 a multiple of 12?
False
Does 438 divide 205667696?
False
Does 471 divide 16330041?
True
Does 4 divide 2921380?
True
Is 101 a factor of 17380089?
False
Does 48 divide 68254224?
True
Does 5 divide 1367980720?
True
Is 62675993 a multiple of 137?
True
Does 2598 divide 486891180?
True
Is 772 a factor of 245453680?
False
Does 11 divide 21282681?
False
Is 6699942 a multiple of 6?
True
Is 279 a factor of 696658257?
True
Is 652373100 a multiple of 75?
True
Does 7 divide 3041324?
False
Is 14 a factor of 1019377030?
True
Is 50680729 a multiple of 4?
False
Is 307 a factor of 18579426?
False
Does 1479 divide 1584472111?
False
Does 79 divide 14226557?
True
Is 25687777 a multiple of 1204?
False
Is 219379834 a multiple of 4315?
False
Is 71224222 a multiple of 249?
False
Is 8645736 a multiple of 11?
True
Is 3 a factor of 45367797?
True
Is 120 a factor of 4162588680?
True
Does 25 divide 26547325?
True
Does 233 divide 36592650?
True
Is 613550180 a multiple of 3620?
True
Is 34 a factor of 106161770?
True
Is 46 a factor of 2125752?
True
Is 436 a factor of 319799460?
True
Is 30598068 a multiple of 194?
True
Is 311 a factor of 623445528?
True
Does 267 divide 2441608?
False
Is 107 a factor of 21231903?
True
Does 38 divide 1173706?
True
Does 17 divide 20839874?
False
Is 133278179 a multiple of 2147?
False
Is 136 a factor of 16170452?
False
Is 13 a factor of 6303644?
False
Is 92059776 a multiple of 4072?
True
Is 102 a factor of 2010216?
True
Is 9 a factor of 40781055?
False
Does 2161 divide 87083651?
False
Does 11 divide 40842993?
False
Is 260140320 a multiple of 66?
True
Is 1541 a factor of 668778590?
True
Is 69108892 a multiple of 1164?
False
Is 14 a factor of 271053084?
False
Is 169079244 a multiple of 2406?
True
Is 96 a factor of 25270368?
True
Is 1839726315 a multiple of 9602?
False
Does 139 divide 17835090?
True
Is 393038265 a multiple of 15?
True
Is 216508200 a multiple of 460?
True
Is 915534517 a multiple of 153?
False
Is 109 a factor of 444010333?
False
Is 1403 a factor of 73065741?
False
Is 8 a factor of 34511137?
False
Is 1920 a factor of 3385219200?
True
Is 398797497 a multiple of 893?
False
Does 9232 divide 2332077056?
True
Is 18 a factor of 7062227?
False
Does 591 divide 24951702?
False
Is 696390657 a multiple of 3?
True
Is 339 a factor of 621640233?
True
Is 1023340128 a multiple of 24?
True
Is 60073696 a multiple of 13?
False
Is 533308176 a multiple of 184?
True
Is 1162 a factor of 3348902286?
False
Is 129 a factor of 62930457?
True
Does 6 divide 8133722?
False
Is 91897445 a multiple of 67?
False
Is 12 a factor of 340820760?
True
Is 101270087 a multiple of 31?
True
Is 25210135 a multiple of 37?
True
Is 112164492 a multiple of 22?
True
Is 33 a factor of 4388637?
True
Is 951133795 a multiple of 9?
False
Does 8 divide 2801396193?
False
Does 41 divide 607039321?
False
Does 424 divide 32349504?
True
Is 391 a factor of 52315800?
True
Is 22 a factor of 83091756?
True
Is 44 a factor of 2690996?
True
Does 2175 divide 31894926?
False
Does 2600 divide 59147219?
False
Does 34 divide 82926238?
True
Is 299 a factor of 152843717?
True
Is 693 a factor of 280583573?
False
Is 3593118 a multiple of 3?
True
Is 1604616504 a multiple of 2648?
True
Is 1421 a factor of 1041524792?
True
Does 599 divide 23492930?
False
Does 1007 divide 1738976115?
False
Does 368 divide 25076992?
True
Is 701060720 a multiple of 3?
False
Is 200 a factor of 55713078?
False
Is 33118637 a multiple of 1133?
False
Is 2567399681 a multiple of 3425?
False
Does 38 divide 1352812631?
False
Is 20 a factor of 26404903?
False
Is 7 a factor of 58958794?
False
Does 8 divide 208138992?
True
Is 7457 a factor of 504408794?
False
Is 609 a factor of 3765583?
False
Is 76 a factor of 51970101?
False
Is 29 a factor of 281410208?
False
Is 7923420 a multiple of 135?
True
Is 1229656480 a multiple of 20?
True
Does 390 divide 8651370?
True
Does 965 divide 1688914359?
False
Does 88 divide 29979909?
False
Does 49 divide 39276793?
False
Is 220278240 a multiple of 234?
True
Is 489 a factor of 498593152?
False
Is 50 a factor of 58728332?
False
Does 50 divide 2090638350?
True
Is 2624 a factor of 49688064?
True
Does 27 divide 157876452?
True
Is 16 a factor of 73261504?
True
Does 4 divide 234088284?
True
Is 514 a factor of 95073552?
True
Is 1419644117 a multiple of 1854?
False
Is 33228745 a multiple of 5?
True
Is 341856920 a multiple of 477?
False
Is 634501965 a multiple of 15?
True
Does 211 divide 45715471?
True
Does 53 divide 89724919?
True
Is 4996100424 a multiple of 42?
True
Is 966 a factor of 434851001?
False
Is 16627586 a multiple of 89?
False
Is 2498604402 a multiple of 21?
True
Is 7 a factor of 9632504?
True
Does 13 divide 344479897?
False
Is 17 a factor of 7791197?
False
Does 944 divide 163306238?
False
Does 59 divide 15551512?
False
Is 80 a factor of 149316440?
False
Is 2 a factor of 17482154?
True
Does 4249 divide 42994517?
False
Is 15 a factor of 440135834?
False
Is 8 a factor of 46178632?
True
Is 12 a factor of 24116152?
False
Is 1378 a factor of 37125426?
False
Is 188384819 a multiple of 239?
True
Is 1481 a factor of 442007412?
True
Is 150696167 a multiple of 12?
False
Does 57 divide 49693227?
True
Is 108 a factor of 596790067?
False
Is 41214986 a multiple of 158?
False
Is 218315042 a multiple of 684?
False
Is 1394125901 a multiple of 7758?
False
Does 3041 divide 218898684?
False
Is 246 a factor of 657681435?
False
Is 73 a factor of 15399665?
False
Is 310 a factor of 18806460?
True
Does 2245 divide 262524358?
False
Does 7 divide 52619?
True
Is 8 a factor of 40668808?
True
Is 37025550 a multiple of 7?
False
Is 6724 a factor of 1209111781?
False
Does 4483 divide 1406126277?
False
Is 13 a factor of 84871874?
False
Does 26 divide 2998866?
True
Is 1141 a factor of 2902201023?
False
Does 13 divide 1094543281?
True
Does 1318 divide 24605405?
False
Is 37334920 a multiple of 70?
True
Is 181692026 a multiple of 1958?
False
Does 3602 divide 1075006094?
True
Is 13 a factor of 7254247?
True
Is 53851266 a multiple of 1799?
True
Is 17 a factor of 4949036?
False
Does 11 divide 672802703?
False
Is 57380190 a multiple of 2774?
True
Does 31 divide 12391294?
False
Is 51 a factor of 2547733086?
False
Does 3 divide 13916005?
False
Is 98416108 a multiple of 167?
False
Is 1138 a factor of 193531181?
False
Is 390082780 a multiple of 294?
False
Is 48418895 a multiple of 3459?
False
Is 414 a factor of 255140334?
True
Is 1836129600 a multiple of 684?
True
Is 152906490 a multiple of 165?
True
Is 6050 a factor of 488180550?
True
Is 3145 a factor of 176640544?
False
Is 243284